-1161 - s. Is u a composite number?
True
Let g = 28 + -16. Let j = 18 - g. Suppose q = -3*z + 965, -z + j*z + 981 = q. Is q a prime number?
True
Let w(m) = -234*m - 5. Let h be w(-4). Suppose -2*p = -417 - h. Suppose 0 = 3*b + 2*n - 679, 3*b + n + 0*n = p. Is b a composite number?
False
Let s(p) = -6*p + 20*p**2 - 15 + p**3 - 41*p**2 + 22*p**2. Is s(7) composite?
True
Let q = -18 + 23. Suppose 3901 = q*g - l, -5*g = -2*l - 3531 - 366. Is g a prime number?
False
Let o = -985 + 2786. Is o a prime number?
True
Let t = 13727 - 7401. Is t prime?
False
Suppose 25*g = -32*g + 975669. Is g composite?
False
Let x be (-626)/(-2) - 4/(-4). Suppose 9*a = 7*a + x. Is a a prime number?
True
Let y = -656 + 1534. Is 1 - (-3)/(-3) - (7 - y) composite?
True
Suppose -3*y + 946 = -2*u - 541, 0 = 4*y - 2*u - 1986. Is y composite?
False
Suppose 2963 = 3*l - 5*s, -2*s = 3*l - 7*l + 3960. Is l a prime number?
True
Suppose -4*u = -5*q - 21, -1 = -5*q - u - 2. Let j be (q/2)/((-1)/(-12)). Let i(o) = -10*o + 7. Is i(j) a composite number?
False
Let r(i) be the first derivative of -i**5/20 + 19*i**4/24 + 7*i**3/3 + 5. Let c(w) be the third derivative of r(w). Is c(-11) prime?
False
Let p = -457 + -41. Let x = 58 - p. Let n = x - 319. Is n a composite number?
True
Suppose m + 0*m = -241. Suppose 71*w - 2*v = 68*w - 1208, -4*w - 2*v = 1606. Let u = m - w. Is u a prime number?
False
Suppose 13*z - z = 10812. Is z a composite number?
True
Let m(x) = -1054*x - 2. Let u be m(-3). Suppose u = -n + 6*n. Suppose j - v - n = -4*j, -4*j + 502 = -2*v. Is j a composite number?
False
Suppose 6 = -2*f - 2*i, f - 6*f = 2*i + 9. Is ((-18)/(-36))/(f/(-5458)) composite?
False
Let f(x) = 3*x**3 - 65*x**2 + 66*x + 41. Let v(b) = b**3 - 22*b**2 + 22*b + 14. Let l(d) = 3*f(d) - 8*v(d). Is l(18) a prime number?
True
Let q(d) = 9*d**2 - 28*d - 65. Is q(-12) composite?
False
Let o = 2857 - 1893. Suppose 4*k - 3*k - 5*x = 482, -o = -2*k + 3*x. Suppose -2*l + 4*m = -k, 0 = -2*l + 2*m - 7*m + 527. Is l prime?
True
Let n = -38127 - -64454. Is n a prime number?
False
Suppose 0 = -5*s + 3*v + 508, 4*s + 3*v = -0*v + 401. Suppose 3*d = s + 61. Let q = d - -39. Is q a prime number?
False
Let l = -27 - -32. Suppose 0 = l*o - 1211 - 54. Is o a prime number?
False
Suppose 3*b + 3295 = s - 2*s, -b - 1094 = -4*s. Let p = -411 - b. Is p prime?
False
Suppose 3*h + 5*f = -1, 0 = 4*h - 3*h + f - 1. Is 1/(h + 5960/(-1988)) composite?
True
Let g(x) = x**3 + 8*x**2 - 10*x - 10. Let d be g(-9). Is d/((3/(-1))/(-3)) + 20 a composite number?
False
Let d = -5404 - -32445. Is d a composite number?
True
Let u = -13982 + 23337. Is u composite?
True
Suppose 3*g = -4*p + 4*g + 65335, 2*p - 5*g = 32681. Is p prime?
True
Let q(p) = -p + 971. Let h be -2 + 10/25*5. Is q(h) a prime number?
True
Let g(y) = 13*y**3 - y**2 + 4. Let u be g(2). Suppose 3*h - 322 = u. Is h composite?
True
Let b = -7275 - -14048. Is b composite?
True
Suppose 5*w - 3435 = -5*s, 0 = -5*w + 3*w - 3*s + 1376. Is w prime?
False
Let g(j) be the second derivative of -j**6/360 - 19*j**5/120 - 11*j**4/24 + 5*j**3/6 + 2*j. Let u(f) be the second derivative of g(f). Is u(-11) a prime number?
False
Let o(i) = 3*i**2 + i**2 + 10*i**2 - 6 + 0*i - 7*i. Let n be o(-5). Suppose q + n = -4*x + 1941, 3*q = -6. Is x prime?
False
Let w(j) be the first derivative of 65*j**4/2 + j**3/3 - j**2/2 + j + 68. Let m be (-2)/3 - 5/(-3). Is w(m) prime?
True
Suppose 0 = 2*h + 2 - 11908. Is h prime?
True
Suppose 14*n - 80078 = 10*n + 3*c, -2*c - 40038 = -2*n. Is n composite?
False
Is (-5734)/(-6) + (8/(-6))/2 composite?
True
Suppose s + 5*s = 42. Suppose 2560 = -5*n + s*n. Suppose -2*l - 2 = -12, -5*l + n = 5*x. Is x composite?
False
Let w(k) be the second derivative of 5*k**3/6 + 17*k**2 + 5*k. Is w(0) a composite number?
True
Suppose -3*v + 2085 = 3*f, 0 = 2*f - v - 3*v - 1414. Suppose 7*k - 4*k = f. Is k prime?
True
Is (-4221)/(-2) + 1 + 10/(-20) composite?
False
Let u = 4724 - 2662. Is u composite?
True
Suppose -621 + 27966 = 5*q. Is q composite?
True
Let v = -6673 + 24354. Is v a prime number?
True
Suppose -6*j + 21135 = -26463. Is j a composite number?
False
Suppose 5*n = l + 88705, -14*l + 8*l = -4*n + 70964. Is n a composite number?
True
Suppose -4*q + r + 15 = 0, 2*q - 24 = -3*q - 4*r. Is 573/3*(q + -3) prime?
True
Is (30854/6)/((-32)/(-96)) a composite number?
False
Let k = 96894 + -39691. Is k a prime number?
True
Suppose -3*q + 41 = 5. Let j(g) = -2*g + 24. Let v be j(q). Is 1 + 3 + v - -645 composite?
True
Let s be 2/(-12) - (-2)/(12/1513). Suppose -s = -5*d + 443. Is d composite?
False
Let z(t) = 2*t**2 - 4*t - 5. Let y be z(4). Let n = 17 - y. Suppose -7*m + n*m = -6. Is m a prime number?
False
Suppose -5 + 12 = a. Let f(y) = 11*y**2 - 7*y - 13. Let x(k) = 11*k**2 - 8*k - 13. Let g(i) = a*f(i) - 6*x(i). Is g(-5) composite?
True
Let k(i) = -5*i**3 + 3*i**2 + 4*i - 1. Let q be k(4). Let s be 2/(-5) + q/(-5). Suppose -2*g + 51 = -s. Is g a composite number?
True
Suppose 0 = 4*v + 11 - 19. Suppose 0 = i + v*i - 6459. Is i prime?
True
Let c be (-2)/(-14) + (-8832)/(-14). Suppose -t + 3*t - 422 = 2*d, -3*t + c = -5*d. Suppose -y - t = -5*y. Is y prime?
True
Let f(n) = -n**3 + n. Let j be f(1). Let x be j/((2 - 3) + 3). Suppose 0*d + 2*d - 254 = x. Is d composite?
False
Let j be (-1)/6 + 2/12. Is 45 + 1 - j/(-2 - -6) a prime number?
False
Let p = 3 + -8. Let j(x) = -2*x**3 - 7*x**2 - 2*x. Let b be j(p). Suppose -41 - 37 = -4*w + k, -5*k + b = 5*w. Is w a composite number?
False
Let l = -6 + 6. Suppose -3*r = -6*r + 9, -4*t + 4*r + 728 = l. Is t a prime number?
False
Let h = 25 - 14. Let m(r) = -r**3 + 13*r**2 - 3*r - 2. Let w be m(h). Suppose -3*t = -0*t + 5*b - w, 0 = -4*t + b + 276. Is t a composite number?
True
Is 9/3 - -1 - (-6 - 661) a composite number?
True
Suppose 86 = 4*m - 166. Let p = 182 - m. Is p a prime number?
False
Let k = 2 + -10. Let h be ((-14)/k)/(1/(-4)). Is 35*h/(140/(-8)) a composite number?
True
Let l be (1619*-2*-1)/((-10)/(-5)). Let i = l + -768. Is i composite?
True
Suppose -6*f + 4*x - 3656 = -10*f, -4580 = -5*f - 3*x. Is f prime?
True
Suppose 6*s + 12*s = 36954. Is s composite?
False
Let u = -698 + 1353. Let w = u + -140. Is w a prime number?
False
Suppose -2355 - 3974 = -q. Is q a prime number?
True
Is 4*(31451 - -3)/(7 - -1) a prime number?
True
Let d(m) = -3*m + 0 - 3*m**3 - m**2 + 2 + 3 + 2*m. Let a be d(-4). Let w = a + -70. Is w composite?
True
Suppose 0 = 6*h + 9 + 9. Let v be -2*((-27)/(-6))/h. Suppose 4*l - v*f - 496 = f, 5*f - 213 = -2*l. Is l composite?
True
Suppose -8655 = -0*s - 5*s + y, -2*s + 3444 = -4*y. Suppose 0 = 9*w - 13729 + s. Is w composite?
True
Suppose 10*h - 12617 - 44613 = 0. Is h a prime number?
False
Suppose 7302 = 9*a - 7*a - 2*y, -3*y = 3*a - 10923. Is a composite?
True
Let r = 703 + -1006. Let b = r + 430. Is b a prime number?
True
Suppose v + 641 = 2*v. Suppose -m - v = -1936. Suppose 3*t + 2*t - m = 0. Is t a composite number?
True
Suppose 3*k - 3*a - 33 = 0, 2*k - 2*a + 5 = 3*k. Is k/(-36) - 1029/(-4) composite?
False
Let h = 23 + -7. Let y = 23 - 18. Suppose -y*u - h = -81. Is u composite?
False
Suppose 2*x = 2*n + 3*n - 61785, -4*x + 37071 = 3*n. Suppose 4*f - 5*u - 21627 = 0, -2*f = 5*u + 1506 - n. Is f a composite number?
False
Suppose 0 = 10*m - 8*m - 1694. Let s = 1758 - m. Is s a composite number?
False
Let p be 0*(-3 + 10/4). Suppose p = -o + 8*o - 2877. Is o a prime number?
False
Let r(o) be the third derivative of o**4/24 + 4*o**3/3 - 4*o**2. Let q be r(-5). Suppose -q*b - b = -212. Is b a composite number?
False
Suppose -4*d = -12, 0 = -3*l - 4*d + 4558 + 17951. Is l a prime number?
True
Suppose 7*r = 3*r - 3148. Let y = 1451 + r. Suppose 0 = 3*s + 4*p - 529 - 460, -2*p - y = -2*s. Is s composite?
False
Suppose 3*s = -3*j + 1137, -j + 1521 = 3*j - s. Let t(q) = -132*q - 5. Let x be t(2). Let z = j + x. Is z a composite number?
True
Let x(s) = 10*s + 20. Let z be x(-6). Is (-3)/5 + (-44464)/z a composite number?
True
Is 76181*(4 - 3)/((-4)/(-4)) prime?
False
Let r(s) = -1473*s - 3. Let t be r(5). Let m = -2483 - t. Is m a composite number?
True
Suppose -s - 2 = 50. Let y = 249 - 106. Let p = y + s. Is p prime?
False
Suppose 0 = 2*h - 844 - 8278. Is h composite?
False
Let k = -92 - -1551. Is k composi